is -2122 + -1320546?
-1323001
In base 6, what is 201 - -5404431?
5405032
In base 8, what is -5 - -107173652?
107173645
In base 8, what is 775561273 - 2?
775561271
In base 15, what is d402 + -e60?
c492
In base 13, what is 4b4096 - -10?
4b40a6
In base 14, what is -10051 - 317?
-10368
In base 4, what is 1011 + 112033101?
112100112
In base 3, what is 12 - 112201102220020122?
-112201102220020110
In base 4, what is -3 - -200003203223?
200003203220
In base 12, what is -8b747 - 2?
-8b749
In base 8, what is -2 - -30771065?
30771063
In base 11, what is -5756959 + -44?
-57569a2
In base 2, what is 1011010010101100000011100 + -101?
1011010010101100000010111
In base 3, what is 101121000 + 210001112?
1011122112
In base 6, what is -12 + 2521051?
2521035
In base 11, what is 18a48 - a456?
95a2
In base 6, what is -4301105 + 402?
-4300303
In base 16, what is 563d + 1ac2?
70ff
In base 10, what is 6586262 + -2?
6586260
In base 10, what is 5046845 + -5?
5046840
In base 10, what is 2871155 + -182?
2870973
In base 7, what is 3650240 - -602?
3651142
In base 11, what is -2a0 - 27799?
-27a89
In base 9, what is -3272 + -2808?
-6181
In base 9, what is 62 + 810001?
810063
In base 9, what is 74 + -8361485?
-8361411
In base 4, what is -3 + -1001012102101?
-1001012102110
In base 10, what is 17 - 20798883?
-20798866
In base 3, what is 2 - -21001220002220?
21001220002222
In base 10, what is 20754109 - 1?
20754108
In base 10, what is -3171679 + -35?
-3171714
In base 14, what is 5 - 1a85929?
-1a85924
In base 15, what is -330 + 22e23?
22ae3
In base 13, what is -1a5676 + 11?
-1a5665
In base 15, what is 11 + 1ad6953?
1ad6964
In base 7, what is -612 - 345102?
-346014
In base 7, what is 414325531 - 5?
414325523
In base 13, what is 21660a1 + 5?
21660a6
In base 8, what is 114 + -13021420?
-13021304
In base 3, what is -21202 - 10120020?
-10211222
In base 13, what is -c8 - -108272?
108177
In base 3, what is -10222002112000120 + -1?
-10222002112000121
In base 10, what is 83 - 212219?
-212136
In base 7, what is 110 + 4251315?
4251425
In base 4, what is 10 - 33200020121?
-33200020111
In base 8, what is -7 - -23634224?
23634215
In base 6, what is -301030 - -142?
-300444
In base 6, what is 1244053030 + 2?
1244053032
In base 6, what is 155415024024 - -1?
155415024025
In base 15, what is -1d154 - 11b?
-1d270
In base 6, what is -23020 + -124213?
-151233
In base 10, what is 18329225 + -4?
18329221
In base 10, what is 18 - 89040?
-89022
In base 11, what is 542 - 37a197?
-379755
In base 16, what is 5 - ac2ac9?
-ac2ac4
In base 13, what is 1c8b95a76 + 3?
1c8b95a79
In base 3, what is -1210120 - -1200121102?
1121210212
In base 8, what is 3 - -3222621?
3222624
In base 2, what is 100000 + 1001100011101101001?
1001100011110001001
In base 2, what is -110101 + -100001001100011100?
-100001001101010001
In base 3, what is -122111220011000101 - -1?
-122111220011000100
In base 5, what is -3112441 - -2014?
-3110422
In base 10, what is 2235036 + -42?
2234994
In base 3, what is 121120121 + 2101?
121122222
In base 13, what is 25a3 - a77?
1829
In base 14, what is -3 + -9905b?
-99060
In base 7, what is -11 - 35612253?
-35612264
In base 6, what is 5 - 340151224?
-340151215
In base 2, what is 11110111010000000010001001 + -101?
11110111010000000010000100
In base 13, what is -139 - -17168?
1702c
In base 12, what is -26304b29 - 6?
-26304b33
In base 3, what is -201012012222002 + 10?
-201012012221222
In base 5, what is -143134324040 + 4?
-143134324031
In base 10, what is 108015 - 1307?
106708
In base 12, what is -347795 + -b?
-3477a4
In base 14, what is -2 + 205145d8?
205145d6
In base 9, what is -50510 + 1336?
-48163
In base 14, what is 9 - 1526a8?
-15269d
In base 9, what is -61 + -2082572?
-2082643
In base 6, what is 450015 + 12444?
502503
In base 9, what is -101451451 - 1?
-101451452
In base 7, what is -11666364 - 3?
-11666400
In base 10, what is -223 - 219938?
-220161
In base 11, what is -36a3932 + 2?
-36a3930
In base 12, what is 1b5 + -985b?
-9666
In base 2, what is -101000011 + -1000011011011001?
-1000100000011100
In base 14, what is 1a26c + -1447?
18c25
In base 16, what is 11e3302 - 7?
11e32fb
In base 12, what is 23a3 + -4832?
-244b
In base 10, what is 159 - -157610?
157769
In base 10, what is 6125 - -1561?
7686
In base 7, what is 4554134 + -44?
4554060
In base 6, what is 422 + 124455002?
124455424
In base 10, what is 15805890 + -4?
15805886
In base 3, what is 1220000110220 + -11112?
1220000022101
In base 16, what is 8f + -40fb0?
-40f21
In base 3, what is -11110012110002 - 12?
-11110012110021
In base 3, what is -20 - -20122212220011?
20122212212221
In base 9, what is 30 + -416143?
-416113
In base 14, what is 2b - 379a9c?
-379a71
In base 7, what is 0 - 645056235?
-645056235
In base 9, what is 1 + -254824513?
-254824512
In base 13, what is 38384 - -5b?
38412
In base 3, what is -1201212010122011 + -20?
-1201212010122101
In base 10, what is 110474291 + 0?
110474291
In base 3, what is 120121 + 112000012?
112120210
In base 9, what is -16 - 6874807?
-6874824
In base 11, what is -3012 - -1941?
-1181
In base 8, what is -34476710 + -3?
-34476713
In base 15, what is c07 + 8e82?
9b89
In base 3, what is 0 - 2222102110211?
-2222102110211
In base 8, what is -3 + -233677444?
-233677447
In base 15, what is 7c1de - 2?
7c1dc
In base 9, what is 5227 - -126245?
132473
In base 11, what is -1264185 - 11?
-1264196
In base 13, what is -5 + 732c28a?
732c285
In base 15, what is 145 - 113a?
-ee5
In base 10, what is -1861042 - 54?
-1861096
In base 15, what is 15c2 - caea?
-b528
In base 12, what is a6336 + -139?
a61b9
In base 3, what is 1121 + 1210122010011?
1210122011202
In base 4, what is 310 - -10100202200?
10100203110
In base 15, what is ec4220 - 3?
ec421c
In base 2, what is -110111101010100101001110010 + 0?
-110111101010100101001110010
In base 2, what is -10010101101011101 + 101110?
-10010101100101111
In base 6, what is -250 - -40550155?
40545505
In base 16, what is 119959f + -9?
1199596
In base 9, what is 2057 - 18805?
-16737
In base 8, what is -13 - 2121305?
-2121320
In base 6, what is 3 - 514234450?
-514234443
In base 14, what is -186d6 - 376?
-18a6c
In base 11, what is -28716a37 - -5?
-28716a32
In base 9, what is -14 - -33605677?
33605663
In base 2, what is 1010001010001100000010 + -111001010?
1010001010000100111000
In base 6, what is 42102 + -10144?
31514
In base 7, what is 25 - 34550562?
-34550534
In base 5, what is 43 - -1410130234?
1410130332
In base 3, what is -212101 + 111202200120?
111201211012
In base 4, what is 1203 + 321112?
322321
In base 7, what is 360001 - -13?
360014
In base 5, what is -114112 - 20002?
-134114
In base 12, what is -2 + -465b43?
-465b45
In base 12, what is 3024a61 + 1?
3024a62
In base 9, what is 51 + 137515?
137566
In base 11, what is 221891120 + 3?
221891123
In base 5, what is -100301011 + 40?
-100300421
In base 5, what is 42144 - -31002?
123201
In base 13, what is -15c6c2 + -5?
-15c6c7
In base 14, what is -b1 + -36da59?
-36db2a
In base 2, what is -11100000010110 - -11001111001?
-11000110011101
In base 16, what is -4 + -499274?
-499278
In base 14, what is -84b91dc - 4?
-84b9202
In base 3, what is -12011011221222 - 220?
-12011011222212
In base 14, what is -42a539 - c?
-42a547
In base 9, what is -227 - 61401?
-61628
In base 11, what is -182 - -6383a?
63668
In base 7, what is 24562454 + -4?
24562450
In base 4, what is 122 - -30323112321?
30323113103
In base 16, what is 3 - -65db302?
65db305
In base 13, what is 1a + -309354?
-309337
In base 8, what is -4 - 53043334?
-53043340
In base 16, what is -10f + 3c898?
3c789
In base 8, what is -5 + -4176643?
-4176650
In base 2, what is -1010110001000100001111000000 - -10?
-1010110001000100001110111110
In base 4, what is 2303 + 1302231?
1311200
In base 15, what is 480b3 + -8?
480aa
In base 16, what is -5 + 6a0dd2?
6a0dcd
In base 4, what is 211000032023 + 11?
211000032100
In base 2, what is -10111000100011 - -1000111010?
-10101111101001
In base 16, what is 1 + 8713aa?
8713ab
In base 15, what is -4beb - 5b90?
-a88b
In base 4, what is -3123012011 + -1221?
-3123013232
In base 4, what is -103023110223122 + 1?
-103023110223121
In base 13, what is 7cb9 - 1058?
6c61
In base 14, what is 80 - -1c34d9?
1c3579
In base 16, what is -9198 + 21b0?
-6fe8
In base 8, what is 20370442 - 36?
